12035 (base 6) to base 14.
-26903
What is 134343420 (base 5) in base 11?
4388a7
Convert -33031012201 (base 4) to base 5.
-2010021300
What is 1892 (base 12) in base 11?
2279
Convert -5030434 (base 6) to base 12.
-b541a
513023 (base 12) to base 10
1270107
Convert -103126 (base 11) to base 7.
-1255420
102120022100 (base 4) to base 11
27a0553
Convert -1111011111001100011011 (base 2) to base 5.
-2014404211
-21110101020010 (base 3) to base 11
-2268019
What is -1602526 (base 7) in base 9?
-364014
100000100200002 (base 3) to base 9
10010602
-12210210221 (base 3) to base 11
-78984
What is 3aa19 (base 12) in base 6?
1422433
-b0c320 (base 13) to base 15
-56319a
What is 28c9d (base 16) in base 9?
274152
Convert 5453314 (base 6) to base 7.
2210632
1111543 (base 6) to base 15
11986
-110443 (base 11) to base 16
-2b05f
Convert -9c0ba (base 15) to base 4.
-1321022230
-2104120240 (base 5) to base 4
-100221120230
Convert -ccda4 (base 15) to base 10.
-651079
2334343 (base 6) to base 5
12342102
Convert 2226568 (base 9) to base 15.
18a398
22131120 (base 4) to base 11
2a206
114210034 (base 6) to base 8
10200546
160265 (base 7) to base 14
b5dc
4600606 (base 7) to base 11
360612
What is -62676 (base 12) in base 11?
-88875
Convert -3d001a (base 15) to base 14.
-5660dd
What is -54055 (base 13) in base 10?
-151663
434070 (base 8) to base 14
3b024
Convert 3320103112 (base 4) to base 15.
151531
What is -651232 (base 7) in base 3?
-12202102201
Convert -1f9b37 (base 16) to base 8.
-7715467
What is -402066 (base 7) in base 12?
-333b6
What is -120002102 (base 4) in base 11?
-67a70
-2343310 (base 6) to base 7
-1020252
9ae3c (base 15) to base 13
14328c
Convert -513131510 (base 6) to base 10.
-8830050
-30413400 (base 5) to base 7
-2051650
What is 206765 (base 12) in base 2?
1111100010010111101
-421898 (base 12) to base 9
-1854288
-3178261 (base 11) to base 14
-a56c30
Convert 30221323 (base 5) to base 8.
730650
Convert 289725 (base 10) to base 14.
77829
Convert 401442414 (base 6) to base 10.
6801994
What is 100002100113 (base 4) in base 14?
7b5c91
Convert -874364 (base 13) to base 2.
-1100001000010010000000
112ac (base 13) to base 3
1120211222
What is 11871 (base 12) in base 16?
5c95
What is -50626 (base 14) in base 16?
-2f30a
What is -7c4046 (base 15) in base 14?
-b07735
-77351 (base 14) to base 4
-1012200023
What is -15373 (base 15) in base 7?
-403035
223221121 (base 4) to base 7
1343134
219813 (base 10) to base 11
140170
-204165 (base 8) to base 7
-401244
What is 164bc4 (base 13) in base 4?
2013013322
-23332302202 (base 4) to base 7
-35460523
Convert 579c4 (base 16) to base 11.
22567a
Convert 1422135320 (base 6) to base 8.
102471700
16043160 (base 9) to base 5
4022001211
346664 (base 15) to base 4
21202322233
Convert -150131 (base 9) to base 15.
-1c3ad
Convert -11100022002 (base 3) to base 4.
-110320013
What is 28a341 (base 12) in base 13?
1ab159
Convert -1303333034 (base 5) to base 15.
-42d3e9
What is -1215653 (base 7) in base 12?
-7613b
Convert -11150341 (base 6) to base 7.
-2620054
Convert 4873db (base 15) to base 4.
31032123332
-23554123 (base 7) to base 3
-10221120020121
What is 19714 (base 13) in base 2?
1100000101111110
What is 17922b (base 14) in base 6?
25455115
Convert 47b88c (base 15) to base 3.
20110022100120
What is -3434152 (base 10) in base 3?
-20110110202211
Convert 112221222112101 (base 3) to base 2.
11110010101010011100111
Convert -22030234 (base 6) to base 7.
-5404636
What is 9804 (base 10) in base 12?
5810
What is -181045 (base 12) in base 9?
-704288
Convert -1315783 (base 9) to base 14.
-14a284
135c5 (base 13) to base 5
2124113
Convert 2a0014 (base 12) to base 15.
ddd7a
Convert -10110111011101000010 (base 2) to base 10.
-751426
Convert -159767 (base 16) to base 4.
-11121131213
-ad803 (base 14) to base 11
-268674
Convert -453014 (base 13) to base 15.
-2244c5
Convert 11355735 (base 10) to base 14.
171855d
What is 70affd (base 16) in base 13?
16b7596
Convert -181f8 (base 16) to base 11.
-68266
Convert -2c87d (base 15) to base 9.
-238061
-2505a (base 14) to base 13
-32339
-16270346 (base 8) to base 5
-1430430304
Convert 90a2a (base 13) to base 15.
51a1a
Convert 101011110101111111 (base 2) to base 10.
179583
Convert -1c749 (base 15) to base 11.
-63776
What is -8862 (base 9) in base 14?
-254c
35842 (base 11) to base 13
1a638
Convert -255b9 (base 13) to base 3.
-10111210102
11aa0b (base 16) to base 10
1157643
Convert -85b2a7 (base 13) to base 4.
-23332003333
4b881 (base 14) to base 3
100102111110
What is 12122020102100 (base 3) in base 2?
1011011011100100010000
-1ac70 (base 13) to base 6
-1043430
What is 10020201201121 (base 3) in base 13?
485c9b
Convert 11101000011101111 (base 2) to base 15.
253ed
2310222 (base 4) to base 6
125310
What is 4a26b3 (base 13) in base 7?
21045552
What is 216bb (base 16) in base 14?
37c5d
Convert -9e5e5 (base 15) to base 8.
-1730627
Convert -2020321103 (base 4) to base 13.
-1682b7
-24052164 (base 7) to base 15
-2c13b3
What is 255415 (base 7) in base 12?
2361a
-759437 (base 11) to base 9
-2248010
What is 125677 (base 10) in base 6?
2405501
What is 487460 (base 11) in base 7?
6361252
What is 438078 (base 10) in base 14?
b5914
-261056 (base 8) to base 7
-525226
-394057 (base 10) to base 12
-170061
-50247 (base 15) to base 16
-3deca
What is 21ca95 (base 15) in base 2?
110001001100111101001
What is -574597 (base 14) in base 10?
-2970121
-111110100011111011111 (base 2) to base 10
-2050015
Convert 3051882 (base 12) to base 2.
100010100101000010100010
Convert 11222122110111 (base 3) to base 5.
1134302002
What is 1c2887 (base 15) in base 9?
2525811
What is -2d9700 (base 16) in base 12?
-1001054
Convert -3045004 (base 6) to base 7.
-1146226
What is -2151e8 (base 16) in base 14?
-40bb16
-535e (base 15) to base 10
-17639
-6526437 (base 8) to base 7
-20600645
-1650001 (base 7) to base 4
-320101201
What is -cb7971 (base 13) in base 14?
-8c85b9
Convert -3030513 (base 8) to base 10.
-799051
What is -4681b (base 13) in base 4?
-133130202
What is -30b8b4 (base 16) in base 11?
-1890a59
What is -93226 (base 12) in base 8?
-567176
What is 1101000110100001111000 (base 2) in base 12?
1197760
What is -233333101332 (base 4) in base 10?
-12579966
-11101011010011100011 (base 2) to base 5
-221320221
What is 6a502 (base 15) in base 10?
338627
What is 1014021320 (base 5) in base 9?
3843071
Convert 80e61e (base 15) to base 3.
102112010001002
What is 22223010312 (base 4) in base 16?
2ab136
-210344303 (base 5) to base 2
-11010100110110010100
What is -21000221101000 (base 3) in base 9?
-7027330
What is 7b604 (base 12) in base 3?
22101101011
49b847 (base 12) to base 2
100100101011111110111
-144761 (base 11) to base 7
-1630315
What is 366805 (base 9) in base 14?
5aa44
What is -e9ec (base 15) in base 14?
-14077
-20550104 (base 6) to base 11
-383828
What is -223112 (base 7) in base 12?
-1aa3b
-14423405 (base 6) to base 4
-1322110331
What is -4642b (base 15) in base 7?
-1621106
-1376604 (base 9) to base 12
-307557
What is -4241 (base 7) in base 10?
-1499
Convert -400856 (base 11) to base 3.
-1012210002112
-14cacc (base 14) to base 12
-2b0564
What is 102010222010 (base 3) in base 4?
311210031
What is -301214304 (base 5) in base 8?
-4435712
12543572 (base 9) to base 10
6169997
-1061227 (base 8) to base 12
-11a387
What is 20011421 (base 5) in base 3?
21222111221
Convert -111b4 (base 13) to base 14.
-b478
What is 11002031032 (base 4) in base 16?
14234e
-818257 (base 16) to base 12
-2a13907
98355 (base 13) to base 12
113316
What is 1001000010011011000010 (base 2) in base 13?
64c507
What is -542403 (base 16) in base 13?
-11b0b87
What is -287175 (base 10) in base 14?
-76927
What is -20112001010 (base 4) in base 10?
-2187332
What is 136440 (base 10) in base 16?
214f8
10403100330 (base 5) to base 3
210102001222101
Convert -123514525 (base 6) to base 13.
-669a82
What is 119064 (base 12) in base 10?
285196
568688 (base 9) to base 14
8c3bb
14031132411 (base 5) to base 10
17833481
Convert -7232573 (base 8) to base 5.
-442223420
What is 1022121442 (base 5) in base 2?
1000001011101111011111
Convert 542056 (base 7) to base 10.
94366
Convert -1024399 (base 13) to base 11.
-28424a2
What is -e253 (base 16) in base 14?
-17187
-27283 (base 14) to base 3
-11220102211
-23a77a (base 13) to ba